{"id":1151,"date":"2024-04-04T14:52:49","date_gmt":"2024-04-04T14:52:49","guid":{"rendered":"https:\/\/besarkatuzhazten.rkinformatika.online\/?page_id=1151"},"modified":"2026-01-13T13:04:39","modified_gmt":"2026-01-13T13:04:39","slug":"sobre-mi","status":"publish","type":"page","link":"https:\/\/besarkatuzhazten.com\/eus\/sobre-mi\/","title":{"rendered":"Niri Buruz"},"content":{"rendered":"\t\t<div data-elementor-type=\"wp-page\" data-elementor-id=\"1151\" class=\"elementor elementor-1151\" data-elementor-post-type=\"page\">\n\t\t\t\t<div class=\"elementor-element elementor-element-41747f6 e-con-full e-flex e-con e-parent\" data-id=\"41747f6\" data-element_type=\"container\" data-e-type=\"container\" data-settings=\"{&quot;background_background&quot;:&quot;classic&quot;,&quot;background_motion_fx_motion_fx_scrolling&quot;:&quot;yes&quot;,&quot;background_motion_fx_translateY_effect&quot;:&quot;yes&quot;,&quot;background_motion_fx_translateY_speed&quot;:{&quot;unit&quot;:&quot;px&quot;,&quot;size&quot;:4.4,&quot;sizes&quot;:[]},&quot;background_motion_fx_translateY_affectedRange&quot;:{&quot;unit&quot;:&quot;%&quot;,&quot;size&quot;:&quot;&quot;,&quot;sizes&quot;:{&quot;start&quot;:6,&quot;end&quot;:94}},&quot;background_motion_fx_devices&quot;:[&quot;desktop&quot;,&quot;tablet&quot;,&quot;mobile&quot;]}\">\n\t\t<div class=\"elementor-element elementor-element-8a66492 e-flex e-con-boxed e-con e-child\" data-id=\"8a66492\" data-element_type=\"container\" data-e-type=\"container\">\n\t\t\t\t\t<div class=\"e-con-inner\">\n\t\t\t\t\t<\/div>\n\t\t\t\t<\/div>\n\t\t\t\t<\/div>\n\t\t<div class=\"elementor-element elementor-element-0ed3f76 e-flex e-con-boxed elementor-invisible e-con e-parent\" data-id=\"0ed3f76\" data-element_type=\"container\" data-e-type=\"container\" data-settings=\"{&quot;background_background&quot;:&quot;classic&quot;,&quot;animation&quot;:&quot;slideInRight&quot;}\">\n\t\t\t\t\t<div class=\"e-con-inner\">\n\t\t\t\t<div class=\"elementor-element elementor-element-f29972f elementor-widget elementor-widget-heading\" data-id=\"f29972f\" data-element_type=\"widget\" data-e-type=\"widget\" data-widget_type=\"heading.default\">\n\t\t\t\t<div class=\"elementor-widget-container\">\n\t\t\t\t\t<h2 class=\"elementor-heading-title elementor-size-default\">Un Poco Sobre M\u00ed<\/h2>\t\t\t\t<\/div>\n\t\t\t\t<\/div>\n\t\t\t\t\t<\/div>\n\t\t\t\t<\/div>\n\t\t<div class=\"elementor-element elementor-element-152f143 e-flex e-con-boxed elementor-invisible e-con e-parent\" data-id=\"152f143\" data-element_type=\"container\" data-e-type=\"container\" data-settings=\"{&quot;animation&quot;:&quot;slideInLeft&quot;}\">\n\t\t\t\t\t<div class=\"e-con-inner\">\n\t\t\t\t<div class=\"elementor-element elementor-element-426cbad elementor-widget__width-initial elementor-widget elementor-widget-text-editor\" data-id=\"426cbad\" data-element_type=\"widget\" data-e-type=\"widget\" data-widget_type=\"text-editor.default\">\n\t\t\t\t<div class=\"elementor-widget-container\">\n\t\t\t\t\t\t\t\t\t<p align=\"justify\"><span style=\"font-family: Times New Roman, serif;\"><span style=\"font-size: medium;\"><span style=\"color: #333333;\"><span style=\"font-family: Arial, serif;\">Soy Ane, una persona que cree en el poder de las relaciones para sanar, creo que puedes tener una vida m\u00e1s consciente, m\u00e1s amorosa y m\u00e1s libre. En este proceso podremos abrir un espacio para abrazar y acoger cada parte nuestra, con sus luces y sus sombras, estoy aqu\u00ed para acompa\u00f1arte.<\/span><\/span><\/span><\/span><\/p><p align=\"justify\"><span style=\"font-family: Times New Roman, serif;\"><span style=\"font-size: medium;\"><span style=\"color: #333333;\"><span style=\"font-family: Arial, serif;\">Mi formaci\u00f3n abarca varias \u00e1reas en el campo de la psicolog\u00eda, proporcionando un enfoque integral y especializado para abordar una variedad de necesidades emocionales y relacionales.<\/span><\/span><\/span><\/span><\/p><p align=\"justify\"><span style=\"font-family: Times New Roman, serif;\"><span style=\"font-size: medium;\"><span style=\"color: #333333;\"><span style=\"font-family: Arial, serif;\">Con una base en Psicolog\u00eda General Sanitaria, cuento con el conocimiento y las habilidades necesarias para comprender y abordar una amplia gama de necesidades. A su vez, mi especializaci\u00f3n en Terapia de Parejas y Sexolog\u00eda en la que me he formado con el psic\u00f3logo Joserra Landarroitajauregi, el cual es un referente en la Sexologia Sustantiva, me permite trabajar terapia individual y con parejas en cuestiones relacionadas con la intimidad, la comunicaci\u00f3n, las relaciones saludables y mucho m\u00e1s.<\/span><\/span><\/span><\/span><\/p><p align=\"justify\"><span style=\"font-family: Times New Roman, serif;\"><span style=\"font-size: medium;\"><span style=\"color: #333333;\"><span style=\"font-family: Arial, serif;\">Mi formaci\u00f3n en\u00a0Terapia Sist\u00e9mica\u00a0complementa estas habilidades al enfocarse en la din\u00e1mica familiar y las interacciones entre los miembros del sistema, lo que me permite trabajar de manera efectiva con familias, contigo en terapia individual y con sistemas complejos, con parejas, por ejemplo. En esta formaci\u00f3n fui realmente consciente de la importancia de las relaciones.<\/span><\/span><\/span><\/span><\/p><p align=\"justify\"><span style=\"font-family: Times New Roman, serif;\"><span style=\"font-size: medium;\"><span style=\"color: #333333;\"><span style=\"font-family: Arial, serif;\">Adem\u00e1s, cuento con conocimientos de diferentes orientaciones terap\u00e9uticas, lo que me permite adaptar mi enfoque a las necesidades espec\u00edficas de cada persona. Con un enfoque integrador, bebiendo tambi\u00e9n del mindfulness, estoy comprometida a brindarte un apoyo personalizado y efectivo para ayudarte a alcanzar tus objetivos y mejorar tu bienestar emocional y relacional.<\/span><\/span><\/span><\/span><\/p><p align=\"justify\"><span style=\"font-family: Times New Roman, serif;\"><span style=\"font-size: medium;\"><span style=\"color: #333333;\"><span style=\"font-family: Arial, serif;\">Y despu\u00e9s de tanto hablar de m\u00ed, me pregunto, \u00bfQu\u00e9 es lo que te apasiona a ti? A m\u00ed me apasiona el mundo de la psicolog\u00eda y por eso estoy en continua formaci\u00f3n para poder brindarte\/brindaros el mejor servicio.<\/span><\/span><\/span><\/span><\/p><p align=\"justify\"><span style=\"font-family: Times New Roman, serif;\"><span style=\"font-size: medium;\"><span style=\"color: #333333;\"><span style=\"font-family: Arial, serif;\">Gracias por escogerme para acompa\u00f1arte y para que podamos construir una vida con sentido para ti, pudiendo poner el foco en lo realmente importante y caminar en este espacio seguro hacia tu autenticidad.<\/span><\/span><\/span><\/span><\/p>\t\t\t\t\t\t\t\t<\/div>\n\t\t\t\t<\/div>\n\t\t\t\t\t<\/div>\n\t\t\t\t<\/div>\n\t\t<div class=\"elementor-element elementor-element-e32d8f6 e-flex e-con-boxed elementor-invisible e-con e-parent\" data-id=\"e32d8f6\" data-element_type=\"container\" data-e-type=\"container\" data-settings=\"{&quot;background_background&quot;:&quot;classic&quot;,&quot;animation&quot;:&quot;slideInRight&quot;}\">\n\t\t\t\t\t<div class=\"e-con-inner\">\n\t\t\t\t<div class=\"elementor-element elementor-element-0576c37 elementor-widget elementor-widget-heading\" data-id=\"0576c37\" data-element_type=\"widget\" data-e-type=\"widget\" data-widget_type=\"heading.default\">\n\t\t\t\t<div class=\"elementor-widget-container\">\n\t\t\t\t\t<h2 class=\"elementor-heading-title elementor-size-default\">\u00bfC\u00f3mo Trabajo?<\/h2>\t\t\t\t<\/div>\n\t\t\t\t<\/div>\n\t\t\t\t\t<\/div>\n\t\t\t\t<\/div>\n\t\t\t\t<section class=\"elementor-section elementor-top-section elementor-element elementor-element-7cb4546 elementor-section-boxed elementor-section-height-default elementor-section-height-default\" data-id=\"7cb4546\" data-element_type=\"section\" data-e-type=\"section\">\n\t\t\t\t\t\t<div class=\"elementor-container elementor-column-gap-default\">\n\t\t\t\t\t<div class=\"elementor-column elementor-col-33 elementor-top-column elementor-element elementor-element-d0ad4aa elementor-invisible\" data-id=\"d0ad4aa\" data-element_type=\"column\" data-e-type=\"column\" data-settings=\"{&quot;background_background&quot;:&quot;classic&quot;,&quot;animation&quot;:&quot;fadeInRight&quot;}\">\n\t\t\t<div class=\"elementor-widget-wrap elementor-element-populated\">\n\t\t\t\t\t<div class=\"elementor-background-overlay\"><\/div>\n\t\t\t\t\t\t<div class=\"elementor-element elementor-element-3fbfef5 elementor-widget elementor-widget-image\" data-id=\"3fbfef5\" data-element_type=\"widget\" data-e-type=\"widget\" data-widget_type=\"image.default\">\n\t\t\t\t<div class=\"elementor-widget-container\">\n\t\t\t\t\t\t\t\t\t\t\t\t\t\t\t<img decoding=\"async\" width=\"150\" height=\"150\" src=\"https:\/\/besarkatuzhazten.com\/wp-content\/uploads\/2024\/04\/empatia-150x150.png\" class=\"attachment-thumbnail size-thumbnail wp-image-1483\" alt=\"\" srcset=\"https:\/\/besarkatuzhazten.com\/wp-content\/uploads\/2024\/04\/empatia-150x150.png 150w, https:\/\/besarkatuzhazten.com\/wp-content\/uploads\/2024\/04\/empatia-300x300.png 300w, https:\/\/besarkatuzhazten.com\/wp-content\/uploads\/2024\/04\/empatia-12x12.png 12w, https:\/\/besarkatuzhazten.com\/wp-content\/uploads\/2024\/04\/empatia.png 512w\" sizes=\"(max-width: 150px) 100vw, 150px\" \/>\t\t\t\t\t\t\t\t\t\t\t\t\t\t\t<\/div>\n\t\t\t\t<\/div>\n\t\t\t\t<div class=\"elementor-element elementor-element-e6e7416 elementor-widget elementor-widget-text-editor\" data-id=\"e6e7416\" data-element_type=\"widget\" data-e-type=\"widget\" data-widget_type=\"text-editor.default\">\n\t\t\t\t<div class=\"elementor-widget-container\">\n\t\t\t\t\t\t\t\t\t<p><strong>Trabajo desde la empat\u00eda y la escucha activa. Este ser\u00e1, tu espacio seguro, sin juicios, donde se respetar\u00e1 tu ritmo.<\/strong><\/p><p><strong>Mi terapia es totalmente flexible y personalizada, adaptada a ti y a tus necesidades.<\/strong><\/p>\t\t\t\t\t\t\t\t<\/div>\n\t\t\t\t<\/div>\n\t\t\t\t\t<\/div>\n\t\t<\/div>\n\t\t\t\t<div class=\"elementor-column elementor-col-33 elementor-top-column elementor-element elementor-element-40e7777 elementor-invisible\" data-id=\"40e7777\" data-element_type=\"column\" data-e-type=\"column\" data-settings=\"{&quot;background_background&quot;:&quot;classic&quot;,&quot;animation&quot;:&quot;fadeInRight&quot;}\">\n\t\t\t<div class=\"elementor-widget-wrap elementor-element-populated\">\n\t\t\t\t\t<div class=\"elementor-background-overlay\"><\/div>\n\t\t\t\t\t\t<div class=\"elementor-element elementor-element-93571fe elementor-widget elementor-widget-image\" data-id=\"93571fe\" data-element_type=\"widget\" data-e-type=\"widget\" data-widget_type=\"image.default\">\n\t\t\t\t<div class=\"elementor-widget-container\">\n\t\t\t\t\t\t\t\t\t\t\t\t\t\t\t<img decoding=\"async\" width=\"150\" height=\"150\" src=\"https:\/\/besarkatuzhazten.com\/wp-content\/uploads\/2024\/04\/aperto-de-mao-150x150.png\" class=\"attachment-thumbnail size-thumbnail wp-image-1488\" alt=\"\" srcset=\"https:\/\/besarkatuzhazten.com\/wp-content\/uploads\/2024\/04\/aperto-de-mao-150x150.png 150w, https:\/\/besarkatuzhazten.com\/wp-content\/uploads\/2024\/04\/aperto-de-mao-300x300.png 300w, https:\/\/besarkatuzhazten.com\/wp-content\/uploads\/2024\/04\/aperto-de-mao-12x12.png 12w, https:\/\/besarkatuzhazten.com\/wp-content\/uploads\/2024\/04\/aperto-de-mao.png 512w\" sizes=\"(max-width: 150px) 100vw, 150px\" \/>\t\t\t\t\t\t\t\t\t\t\t\t\t\t\t<\/div>\n\t\t\t\t<\/div>\n\t\t\t\t<div class=\"elementor-element elementor-element-1ae30d9 elementor-widget elementor-widget-text-editor\" data-id=\"1ae30d9\" data-element_type=\"widget\" data-e-type=\"widget\" data-widget_type=\"text-editor.default\">\n\t\t\t\t<div class=\"elementor-widget-container\">\n\t\t\t\t\t\t\t\t\t<p><strong>\u00a0Con un profundo respeto por la vida y la historia de cada persona, junto con una estricta confidencialidad.<\/strong><\/p><p><strong>Me comprometo a ofrecer un apoyo emp\u00e1tico, aut\u00e9ntico y respetuoso durante el proceso terap\u00e9utico.<\/strong><\/p>\t\t\t\t\t\t\t\t<\/div>\n\t\t\t\t<\/div>\n\t\t\t\t\t<\/div>\n\t\t<\/div>\n\t\t\t\t<div class=\"elementor-column elementor-col-33 elementor-top-column elementor-element elementor-element-3719723 elementor-invisible\" data-id=\"3719723\" data-element_type=\"column\" data-e-type=\"column\" data-settings=\"{&quot;background_background&quot;:&quot;classic&quot;,&quot;animation&quot;:&quot;fadeInRight&quot;}\">\n\t\t\t<div class=\"elementor-widget-wrap elementor-element-populated\">\n\t\t\t\t\t<div class=\"elementor-background-overlay\"><\/div>\n\t\t\t\t\t\t<div class=\"elementor-element elementor-element-9ef0a88 elementor-widget elementor-widget-image\" data-id=\"9ef0a88\" data-element_type=\"widget\" data-e-type=\"widget\" data-widget_type=\"image.default\">\n\t\t\t\t<div class=\"elementor-widget-container\">\n\t\t\t\t\t\t\t\t\t\t\t\t\t\t\t<img decoding=\"async\" width=\"150\" height=\"150\" src=\"https:\/\/besarkatuzhazten.com\/wp-content\/uploads\/2024\/04\/empatia-1-150x150.png\" class=\"attachment-thumbnail size-thumbnail wp-image-1489\" alt=\"\" srcset=\"https:\/\/besarkatuzhazten.com\/wp-content\/uploads\/2024\/04\/empatia-1-150x150.png 150w, https:\/\/besarkatuzhazten.com\/wp-content\/uploads\/2024\/04\/empatia-1-300x300.png 300w, https:\/\/besarkatuzhazten.com\/wp-content\/uploads\/2024\/04\/empatia-1-12x12.png 12w, https:\/\/besarkatuzhazten.com\/wp-content\/uploads\/2024\/04\/empatia-1.png 512w\" sizes=\"(max-width: 150px) 100vw, 150px\" \/>\t\t\t\t\t\t\t\t\t\t\t\t\t\t\t<\/div>\n\t\t\t\t<\/div>\n\t\t\t\t<div class=\"elementor-element elementor-element-553b17f elementor-widget elementor-widget-text-editor\" data-id=\"553b17f\" data-element_type=\"widget\" data-e-type=\"widget\" data-widget_type=\"text-editor.default\">\n\t\t\t\t<div class=\"elementor-widget-container\">\n\t\t\t\t\t\t\t\t\t<p><strong>Mi objetivo es crear un ambiente c\u00e1lido y seguro donde puedas explorar libremente tus emociones y pensamientos, sin juicios ni prejuicios.<\/strong><\/p><p><strong>Aqu\u00ed, se te acoger\u00e1 tal y como eres, brind\u00e1ndote el apoyo necesario para tu crecimiento personal y emocional.<\/strong><\/p>\t\t\t\t\t\t\t\t<\/div>\n\t\t\t\t<\/div>\n\t\t\t\t\t<\/div>\n\t\t<\/div>\n\t\t\t\t\t<\/div>\n\t\t<\/section>\n\t\t\t\t<\/div>\n\t\t","protected":false},"excerpt":{"rendered":"<p>Un Poco Sobre M\u00ed Soy Ane, una persona que cree en el poder de las relaciones para sanar, creo que puedes tener una vida m\u00e1s consciente, m\u00e1s amorosa y m\u00e1s libre. En este proceso podremos abrir un espacio para abrazar y acoger cada parte nuestra, con sus luces y sus sombras, estoy aqu\u00ed para acompa\u00f1arte. [&hellip;]<\/p>\n","protected":false},"author":1,"featured_media":0,"parent":0,"menu_order":0,"comment_status":"closed","ping_status":"closed","template":"elementor_canvas","meta":{"footnotes":""},"class_list":["post-1151","page","type-page","status-publish","hentry"],"yoast_head":"<!-- This site is optimized with the Yoast SEO plugin v27.3 - https:\/\/yoast.com\/product\/yoast-seo-wordpress\/ -->\n<title>Sobre M\u00ed - Ane Larra\u00f1aga<\/title>\n<meta name=\"robots\" content=\"index, follow, max-snippet:-1, max-image-preview:large, max-video-preview:-1\" \/>\n<link rel=\"canonical\" href=\"https:\/\/besarkatuzhazten.com\/eus\/sobre-mi\/\" \/>\n<meta property=\"og:locale\" content=\"en_US\" \/>\n<meta property=\"og:type\" content=\"article\" \/>\n<meta property=\"og:title\" content=\"Sobre M\u00ed - Ane Larra\u00f1aga\" \/>\n<meta property=\"og:description\" content=\"Un Poco Sobre M\u00ed Soy Ane, una persona que cree en el poder de las relaciones para sanar, creo que puedes tener una vida m\u00e1s consciente, m\u00e1s amorosa y m\u00e1s libre. En este proceso podremos abrir un espacio para abrazar y acoger cada parte nuestra, con sus luces y sus sombras, estoy aqu\u00ed para acompa\u00f1arte. [&hellip;]\" \/>\n<meta property=\"og:url\" content=\"https:\/\/besarkatuzhazten.com\/eus\/sobre-mi\/\" \/>\n<meta property=\"og:site_name\" content=\"Ane Larra\u00f1aga\" \/>\n<meta property=\"article:modified_time\" content=\"2026-01-13T13:04:39+00:00\" \/>\n<meta property=\"og:image\" content=\"https:\/\/besarkatuzhazten.com\/wp-content\/uploads\/2024\/04\/empatia.png\" \/>\n\t<meta property=\"og:image:width\" content=\"512\" \/>\n\t<meta property=\"og:image:height\" content=\"512\" \/>\n\t<meta property=\"og:image:type\" content=\"image\/png\" \/>\n<meta name=\"twitter:card\" content=\"summary_large_image\" \/>\n<meta name=\"twitter:label1\" content=\"Est. reading time\" \/>\n\t<meta name=\"twitter:data1\" content=\"3 minutua\" \/>\n<script type=\"application\/ld+json\" class=\"yoast-schema-graph\">{\"@context\":\"https:\\\/\\\/schema.org\",\"@graph\":[{\"@type\":\"WebPage\",\"@id\":\"https:\\\/\\\/besarkatuzhazten.com\\\/sobre-mi\\\/\",\"url\":\"https:\\\/\\\/besarkatuzhazten.com\\\/sobre-mi\\\/\",\"name\":\"Sobre M\u00ed - Ane Larra\u00f1aga\",\"isPartOf\":{\"@id\":\"https:\\\/\\\/besarkatuzhazten.com\\\/#website\"},\"primaryImageOfPage\":{\"@id\":\"https:\\\/\\\/besarkatuzhazten.com\\\/sobre-mi\\\/#primaryimage\"},\"image\":{\"@id\":\"https:\\\/\\\/besarkatuzhazten.com\\\/sobre-mi\\\/#primaryimage\"},\"thumbnailUrl\":\"https:\\\/\\\/besarkatuzhazten.com\\\/wp-content\\\/uploads\\\/2024\\\/04\\\/empatia-150x150.png\",\"datePublished\":\"2024-04-04T14:52:49+00:00\",\"dateModified\":\"2026-01-13T13:04:39+00:00\",\"breadcrumb\":{\"@id\":\"https:\\\/\\\/besarkatuzhazten.com\\\/sobre-mi\\\/#breadcrumb\"},\"inLanguage\":\"eu\",\"potentialAction\":[{\"@type\":\"ReadAction\",\"target\":[\"https:\\\/\\\/besarkatuzhazten.com\\\/sobre-mi\\\/\"]}]},{\"@type\":\"ImageObject\",\"inLanguage\":\"eu\",\"@id\":\"https:\\\/\\\/besarkatuzhazten.com\\\/sobre-mi\\\/#primaryimage\",\"url\":\"https:\\\/\\\/besarkatuzhazten.com\\\/wp-content\\\/uploads\\\/2024\\\/04\\\/empatia-150x150.png\",\"contentUrl\":\"https:\\\/\\\/besarkatuzhazten.com\\\/wp-content\\\/uploads\\\/2024\\\/04\\\/empatia-150x150.png\"},{\"@type\":\"BreadcrumbList\",\"@id\":\"https:\\\/\\\/besarkatuzhazten.com\\\/sobre-mi\\\/#breadcrumb\",\"itemListElement\":[{\"@type\":\"ListItem\",\"position\":1,\"name\":\"Portada\",\"item\":\"https:\\\/\\\/besarkatuzhazten.com\\\/\"},{\"@type\":\"ListItem\",\"position\":2,\"name\":\"Sobre M\u00ed\"}]},{\"@type\":\"WebSite\",\"@id\":\"https:\\\/\\\/besarkatuzhazten.com\\\/#website\",\"url\":\"https:\\\/\\\/besarkatuzhazten.com\\\/\",\"name\":\"Ane Larra\u00f1aga\",\"description\":\"Psicolog\u00eda\",\"publisher\":{\"@id\":\"https:\\\/\\\/besarkatuzhazten.com\\\/#organization\"},\"potentialAction\":[{\"@type\":\"SearchAction\",\"target\":{\"@type\":\"EntryPoint\",\"urlTemplate\":\"https:\\\/\\\/besarkatuzhazten.com\\\/?s={search_term_string}\"},\"query-input\":{\"@type\":\"PropertyValueSpecification\",\"valueRequired\":true,\"valueName\":\"search_term_string\"}}],\"inLanguage\":\"eu\"},{\"@type\":\"Organization\",\"@id\":\"https:\\\/\\\/besarkatuzhazten.com\\\/#organization\",\"name\":\"Ane Larra\u00f1aga\",\"url\":\"https:\\\/\\\/besarkatuzhazten.com\\\/\",\"logo\":{\"@type\":\"ImageObject\",\"inLanguage\":\"eu\",\"@id\":\"https:\\\/\\\/besarkatuzhazten.com\\\/#\\\/schema\\\/logo\\\/image\\\/\",\"url\":\"https:\\\/\\\/besarkatuzhazten.com\\\/wp-content\\\/uploads\\\/2024\\\/04\\\/cropped-Logo-sem-nombre-02.png\",\"contentUrl\":\"https:\\\/\\\/besarkatuzhazten.com\\\/wp-content\\\/uploads\\\/2024\\\/04\\\/cropped-Logo-sem-nombre-02.png\",\"width\":739,\"height\":738,\"caption\":\"Ane Larra\u00f1aga\"},\"image\":{\"@id\":\"https:\\\/\\\/besarkatuzhazten.com\\\/#\\\/schema\\\/logo\\\/image\\\/\"}}]}<\/script>\n<!-- \/ Yoast SEO plugin. -->","yoast_head_json":{"title":"Sobre M\u00ed - Ane Larra\u00f1aga","robots":{"index":"index","follow":"follow","max-snippet":"max-snippet:-1","max-image-preview":"max-image-preview:large","max-video-preview":"max-video-preview:-1"},"canonical":"https:\/\/besarkatuzhazten.com\/eus\/sobre-mi\/","og_locale":"en_US","og_type":"article","og_title":"Sobre M\u00ed - Ane Larra\u00f1aga","og_description":"Un Poco Sobre M\u00ed Soy Ane, una persona que cree en el poder de las relaciones para sanar, creo que puedes tener una vida m\u00e1s consciente, m\u00e1s amorosa y m\u00e1s libre. En este proceso podremos abrir un espacio para abrazar y acoger cada parte nuestra, con sus luces y sus sombras, estoy aqu\u00ed para acompa\u00f1arte. [&hellip;]","og_url":"https:\/\/besarkatuzhazten.com\/eus\/sobre-mi\/","og_site_name":"Ane Larra\u00f1aga","article_modified_time":"2026-01-13T13:04:39+00:00","og_image":[{"width":512,"height":512,"url":"https:\/\/besarkatuzhazten.com\/wp-content\/uploads\/2024\/04\/empatia.png","type":"image\/png"}],"twitter_card":"summary_large_image","twitter_misc":{"Est. reading time":"3 minutua"},"schema":{"@context":"https:\/\/schema.org","@graph":[{"@type":"WebPage","@id":"https:\/\/besarkatuzhazten.com\/sobre-mi\/","url":"https:\/\/besarkatuzhazten.com\/sobre-mi\/","name":"Sobre M\u00ed - Ane Larra\u00f1aga","isPartOf":{"@id":"https:\/\/besarkatuzhazten.com\/#website"},"primaryImageOfPage":{"@id":"https:\/\/besarkatuzhazten.com\/sobre-mi\/#primaryimage"},"image":{"@id":"https:\/\/besarkatuzhazten.com\/sobre-mi\/#primaryimage"},"thumbnailUrl":"https:\/\/besarkatuzhazten.com\/wp-content\/uploads\/2024\/04\/empatia-150x150.png","datePublished":"2024-04-04T14:52:49+00:00","dateModified":"2026-01-13T13:04:39+00:00","breadcrumb":{"@id":"https:\/\/besarkatuzhazten.com\/sobre-mi\/#breadcrumb"},"inLanguage":"eu","potentialAction":[{"@type":"ReadAction","target":["https:\/\/besarkatuzhazten.com\/sobre-mi\/"]}]},{"@type":"ImageObject","inLanguage":"eu","@id":"https:\/\/besarkatuzhazten.com\/sobre-mi\/#primaryimage","url":"https:\/\/besarkatuzhazten.com\/wp-content\/uploads\/2024\/04\/empatia-150x150.png","contentUrl":"https:\/\/besarkatuzhazten.com\/wp-content\/uploads\/2024\/04\/empatia-150x150.png"},{"@type":"BreadcrumbList","@id":"https:\/\/besarkatuzhazten.com\/sobre-mi\/#breadcrumb","itemListElement":[{"@type":"ListItem","position":1,"name":"Portada","item":"https:\/\/besarkatuzhazten.com\/"},{"@type":"ListItem","position":2,"name":"Sobre M\u00ed"}]},{"@type":"WebSite","@id":"https:\/\/besarkatuzhazten.com\/#website","url":"https:\/\/besarkatuzhazten.com\/","name":"Ane Larra\u00f1aga naiz,","description":"Psicolog\u00eda","publisher":{"@id":"https:\/\/besarkatuzhazten.com\/#organization"},"potentialAction":[{"@type":"SearchAction","target":{"@type":"EntryPoint","urlTemplate":"https:\/\/besarkatuzhazten.com\/?s={search_term_string}"},"query-input":{"@type":"PropertyValueSpecification","valueRequired":true,"valueName":"search_term_string"}}],"inLanguage":"eu"},{"@type":"Organization","@id":"https:\/\/besarkatuzhazten.com\/#organization","name":"Ane Larra\u00f1aga naiz,","url":"https:\/\/besarkatuzhazten.com\/","logo":{"@type":"ImageObject","inLanguage":"eu","@id":"https:\/\/besarkatuzhazten.com\/#\/schema\/logo\/image\/","url":"https:\/\/besarkatuzhazten.com\/wp-content\/uploads\/2024\/04\/cropped-Logo-sem-nombre-02.png","contentUrl":"https:\/\/besarkatuzhazten.com\/wp-content\/uploads\/2024\/04\/cropped-Logo-sem-nombre-02.png","width":739,"height":738,"caption":"Ane Larra\u00f1aga"},"image":{"@id":"https:\/\/besarkatuzhazten.com\/#\/schema\/logo\/image\/"}}]}},"_links":{"self":[{"href":"https:\/\/besarkatuzhazten.com\/eus\/wp-json\/wp\/v2\/pages\/1151","targetHints":{"allow":["GET"]}}],"collection":[{"href":"https:\/\/besarkatuzhazten.com\/eus\/wp-json\/wp\/v2\/pages"}],"about":[{"href":"https:\/\/besarkatuzhazten.com\/eus\/wp-json\/wp\/v2\/types\/page"}],"author":[{"embeddable":true,"href":"https:\/\/besarkatuzhazten.com\/eus\/wp-json\/wp\/v2\/users\/1"}],"replies":[{"embeddable":true,"href":"https:\/\/besarkatuzhazten.com\/eus\/wp-json\/wp\/v2\/comments?post=1151"}],"version-history":[{"count":127,"href":"https:\/\/besarkatuzhazten.com\/eus\/wp-json\/wp\/v2\/pages\/1151\/revisions"}],"predecessor-version":[{"id":2556,"href":"https:\/\/besarkatuzhazten.com\/eus\/wp-json\/wp\/v2\/pages\/1151\/revisions\/2556"}],"wp:attachment":[{"href":"https:\/\/besarkatuzhazten.com\/eus\/wp-json\/wp\/v2\/media?parent=1151"}],"curies":[{"name":"wp","href":"https:\/\/api.w.org\/{rel}","templated":true}]}}